{"id":6045,"date":"2022-07-19T15:23:44","date_gmt":"2022-07-19T13:23:44","guid":{"rendered":"https:\/\/cpmtenllado.es\/main\/?page_id=6045"},"modified":"2025-06-19T11:33:21","modified_gmt":"2025-06-19T09:33:21","slug":"matriculas-ep","status":"publish","type":"page","link":"https:\/\/cpmtenllado.es\/main\/informacion-administrativa\/matriculacion\/matriculas-ep\/","title":{"rendered":"Matr\u00edculas en Ense\u00f1anzas Profesionales"},"content":{"rendered":"<p>[et_pb_section fb_built=\u00bb1&#8243; fullwidth=\u00bbon\u00bb _builder_version=\u00bb4.16&#8243; global_colors_info=\u00bb{}\u00bb][et_pb_fullwidth_image src=\u00bbhttps:\/\/cpmtenllado.es\/main\/wp-content\/uploads\/img\/cabecera_nuestrocentro.jpg\u00bb show_in_lightbox=\u00bbon\u00bb _builder_version=\u00bb4.16&#8243; global_colors_info=\u00bb{}\u00bb][\/et_pb_fullwidth_image][\/et_pb_section][et_pb_section fb_built=\u00bb1&#8243; _builder_version=\u00bb4.16&#8243; global_colors_info=\u00bb{}\u00bb][et_pb_row _builder_version=\u00bb4.16&#8243; background_size=\u00bbinitial\u00bb background_position=\u00bbtop_left\u00bb background_repeat=\u00bbrepeat\u00bb max_height=\u00bb35px\u00bb custom_margin=\u00bb2px|auto|2px|auto|false|false\u00bb custom_padding=\u00bb0px|0px|0px|0px|false|false\u00bb global_colors_info=\u00bb{}\u00bb][et_pb_column type=\u00bb4_4&#8243; _builder_version=\u00bb4.16&#8243; custom_padding=\u00bb|||\u00bb global_colors_info=\u00bb{}\u00bb custom_padding__hover=\u00bb|||\u00bb][et_pb_text _builder_version=\u00bb4.16&#8243; max_height=\u00bb35px\u00bb custom_margin=\u00bb2px||2px||false|false\u00bb global_colors_info=\u00bb{}\u00bb]<\/p>\n\t\t\t<!-- Flexy Breadcrumb -->\r\n\t\t\t<div class=\"fbc fbc-page\">\r\n\r\n\t\t\t\t<!-- Breadcrumb wrapper -->\r\n\t\t\t\t<div class=\"fbc-wrap\">\r\n\r\n\t\t\t\t\t<!-- Ordered list-->\r\n\t\t\t\t\t<ol class=\"fbc-items\" itemscope itemtype=\"https:\/\/schema.org\/BreadcrumbList\">\r\n\t\t\t\t\t\t            <li itemprop=\"itemListElement\" itemscope itemtype=\"https:\/\/schema.org\/ListItem\">\r\n                <span itemprop=\"name\">\r\n                    <!-- Home Link -->\r\n                    <a itemprop=\"item\" href=\"https:\/\/cpmtenllado.es\/main\">\r\n                    \r\n                                                    <i class=\"fa none\" aria-hidden=\"true\"><\/i>Inicio                    <\/a>\r\n                <\/span>\r\n                <meta itemprop=\"position\" content=\"1\" \/><!-- Meta Position-->\r\n             <\/li><li><span class=\"fbc-separator\">><\/span><\/li><li class=\"active\" itemprop=\"itemListElement\" itemscope itemtype=\"https:\/\/schema.org\/ListItem\"><span itemprop=\"name\" title=\"Matr\u00edculas en Ense\u00f1anzas Profesionales\">Matr\u00edculas en Ense\u00f1anzas Profesionales<\/span><meta itemprop=\"position\" content=\"2\" \/><\/li>\t\t\t\t\t<\/ol>\r\n\t\t\t\t\t<div class=\"clearfix\"><\/div>\r\n\t\t\t\t<\/div>\r\n\t\t\t<\/div>\r\n\t\t\t\n<p>[\/et_pb_text][\/et_pb_column][\/et_pb_row][et_pb_row _builder_version=\u00bb4.16&#8243; background_size=\u00bbinitial\u00bb background_position=\u00bbtop_left\u00bb background_repeat=\u00bbrepeat\u00bb min_height=\u00bb167.2px\u00bb custom_margin=\u00bb2px|auto||auto||\u00bb custom_padding=\u00bb43px|0px|0px|0px|false|false\u00bb global_colors_info=\u00bb{}\u00bb][et_pb_column type=\u00bb4_4&#8243; _builder_version=\u00bb4.16&#8243; custom_padding=\u00bb|||\u00bb global_colors_info=\u00bb{}\u00bb custom_padding__hover=\u00bb|||\u00bb][et_pb_post_title meta=\u00bboff\u00bb featured_placement=\u00bbabove\u00bb _builder_version=\u00bb4.16&#8243; _module_preset=\u00bbdefault\u00bb title_font=\u00bb|700|||||||\u00bb global_colors_info=\u00bb{}\u00bb][\/et_pb_post_title][et_pb_text disabled_on=\u00bboff|off|off\u00bb _builder_version=\u00bb4.25.1&#8243; min_height=\u00bb186.5px\u00bb global_colors_info=\u00bb{}\u00bb]<\/p>\n<div class=\"texto-resaltado\">Debido a los problemas t\u00e9cnicos que ha habido a\u00f1os anteriores, rogamos que no hagan la matr\u00edcula de manera telem\u00e1tica, podr\u00edan resultar no matriculados o tener problemas con los horarios. Sigan escrupulosamente las instrucciones para la matriculaci\u00f3n presencial.<\/div>\n<div class=\"texto-resaltado\" style=\"text-align: center;\">Hay cambios importantes respecto a otros cursos<\/div>\n<div class=\"texto-resaltado\" style=\"text-align: center;\">Recomendamos el uso de un ordenador para cumplimentar los distintos impresos<\/div>\n<p>[\/et_pb_text][et_pb_text _builder_version=\u00bb4.27.4&#8243; min_height=\u00bb186.5px\u00bb hover_enabled=\u00bb0&#8243; global_colors_info=\u00bb{}\u00bb sticky_enabled=\u00bb0&#8243;]Aqu\u00ed encontrar\u00e1 informaci\u00f3n sobre la matriculaci\u00f3n en Ense\u00f1anzas Profesionales en nuestro centro.<\/p>\n<p>La normativa que regula este procedimiento es, principalmente, la <a href=\"https:\/\/www.juntadeandalucia.es\/boja\/2013\/59\/2\" target=\"_blank\" rel=\"noopener\">Orden de 13 de marzo de 2013, por la que se regulan los criterios de admisi\u00f3n y los procedimientos de admisi\u00f3n y matriculaci\u00f3n del alumnado en las ense\u00f1anzas elementales b\u00e1sicas y profesionales de m\u00fasica y de danza, en los centros docentes p\u00fablicos de titularidad de la Junta de Andaluc\u00eda y se establece el calendario del procedimiento de admisi\u00f3n para el curso escolar 2013\/14<\/a>.<\/p>\n<p>Adem\u00e1s de esta Orden, puede consultar el resto de la normativa al respecto en <a href=\"https:\/\/www.juntadeandalucia.es\/educacion\/portals\/web\/escolarizacion\/normativa\" target=\"_blank\" rel=\"noopener\">este enlace<\/a>.<\/p>\n<p>Consulte la <a href=\"http:\/\/www.juntadeandalucia.es\/educacion\/portals\/web\/ced\/artisticas\/musica\" target=\"_blank\" rel=\"noopener noreferrer\">informaci\u00f3n<\/a> que ofrece la Consejer\u00eda de Educaci\u00f3n y Deporte de la Junta de Andaluc\u00eda respecto a las Ense\u00f1anzas de M\u00fasica.<br \/>\nConsulte el <a href=\"http:\/\/www.juntadeandalucia.es\/educacion\/portals\/web\/escolarizacion\/calendario1\" target=\"_blank\" rel=\"noopener noreferrer\">calendario de escolarizaci\u00f3n<\/a> para las Ense\u00f1anzas de M\u00fasica publicado en la web de la Consejer\u00eda de Educaci\u00f3n y Deporte de la Junta de Andaluc\u00eda.<\/p>\n<blockquote><p><strong>Debe aportar toda la documentaci\u00f3n necesaria para la tramitaci\u00f3n de las solicitudes en un solo acto, se rechazar\u00e1n las solicitudes incompletas.<\/strong><\/p>\n<p><strong>En caso de problemas t\u00e9cnicos con la tramitaci\u00f3n telem\u00e1tica, llame al <a href=\"tel:900848000\" target=\"_blank\" rel=\"noopener\">900848000<\/a><\/strong>.<\/p><\/blockquote>\n<p>[\/et_pb_text][\/et_pb_column][\/et_pb_row][et_pb_row _builder_version=\u00bb4.16&#8243; background_size=\u00bbinitial\u00bb background_position=\u00bbtop_left\u00bb background_repeat=\u00bbrepeat\u00bb min_height=\u00bb167.2px\u00bb custom_margin=\u00bb2px|auto||auto||\u00bb custom_padding=\u00bb43px|0px|0px|0px|false|false\u00bb global_colors_info=\u00bb{}\u00bb][et_pb_column type=\u00bb4_4&#8243; _builder_version=\u00bb4.16&#8243; custom_padding=\u00bb|||\u00bb global_colors_info=\u00bb{}\u00bb custom_padding__hover=\u00bb|||\u00bb][et_pb_text _builder_version=\u00bb4.27.4&#8243; min_height=\u00bb186.5px\u00bb global_colors_info=\u00bb{}\u00bb]<\/p>\n<h2>Aspectos generales<\/h2>\n<p>Podr\u00e1 matricularse en estas ense\u00f1anzas:<\/p>\n<ul>\n<li>El alumnado que ha obtenido plaza tras superar la prueba de acceso al primer curso de estas ense\u00f1anzas.<\/li>\n<li>El alumnado del centro que repite o promociona.<\/li>\n<li>El alumnado que ha obtenido plaza tras superar la prueba de acceso a curso distinto de primero de estas ense\u00f1anzas.<\/li>\n<li>El alumnado que ha obtenido plaza para reingresar.<\/li>\n<li>La matr\u00edcula en estas ense\u00f1anzas requiere pago de precios p\u00fablicos por servicios servicios acad\u00e9micos y servicios administrativos, para los que existen exenciones y bonificaciones para el alumnado perteneciente a familia numerosa, personas con discapacidad, procedentes de localidades de hasta 20.000 habitantes, v\u00edctimas de actos terroristas y v\u00edctimas de violencia de g\u00e9nero.<\/li>\n<li>Para estas ense\u00f1anzas existe beca.<\/li>\n<li>No se puede estar matriculado en el mismo curso escolar en Ense\u00f1anzas Elementales y en Ense\u00f1anzas Profesionales.<\/li>\n<\/ul>\n<h2>Calendario<\/h2>\n<h3>Matr\u00edculas en julio<\/h3>\n<p>Se matricula en julio:<\/p>\n<ul>\n<li>El alumnado que ha obtenido plaza tras superar la prueba de acceso al primer curso de estas ense\u00f1anzas.<\/li>\n<li>El alumnado matriculado en el centro el curso anterior en Ense\u00f1anzas Profesionales que en junio ha aprobado todas las asignaturas o que, como m\u00e1ximo, ha suspendido dos.<\/li>\n<\/ul>\n<h3>Matr\u00edculas en septiembre<\/h3>\n<p>Se matricula en septiembre:<\/p>\n<ul>\n<li>El alumnado del centro cuya promoci\u00f3n depende de las pruebas extraordinarias de septiembre.<\/li>\n<li>El alumnado del centro que repite.<\/li>\n<li>El alumnado que ha obtenido plaza tras superar la prueba de acceso a curso distinto de primero de estas ense\u00f1anzas.<\/li>\n<li>El alumnado que reingresa, con o sin prueba.<\/li>\n<\/ul>\n<h3>Plazo extraordinarios de matr\u00edcula<\/h3>\n<p>Se establecen plazos extraordinarios de matr\u00edcula para:<\/p>\n<ul>\n<li>Alumnado que haya obtenido autorizaci\u00f3n para ampliar matr\u00edcula.<\/li>\n<li>Alumnado que haya obtenido autorizaci\u00f3n para ampliar permanencia.<\/li>\n<li>Alumnado que haya obtenido autorizaci\u00f3n para cursar segunda especialidad.<\/li>\n<\/ul>\n<p>[\/et_pb_text][\/et_pb_column][\/et_pb_row][et_pb_row _builder_version=\u00bb4.17.4&#8243; background_size=\u00bbinitial\u00bb background_position=\u00bbtop_left\u00bb background_repeat=\u00bbrepeat\u00bb custom_margin=\u00bb2px|auto|2px|auto|false|false\u00bb custom_padding=\u00bb43px|0px|0px|0px|false|false\u00bb global_colors_info=\u00bb{}\u00bb][et_pb_column type=\u00bb4_4&#8243; _builder_version=\u00bb4.16&#8243; custom_padding=\u00bb|||\u00bb global_colors_info=\u00bb{}\u00bb custom_padding__hover=\u00bb|||\u00bb][et_pb_text _builder_version=\u00bb4.17.4&#8243; _module_preset=\u00bbdefault\u00bb global_colors_info=\u00bb{}\u00bb]<\/p>\n<h2>Tipos de matr\u00edcula<\/h2>\n<p>Escoja la matr\u00edcula adecuada para su caso.<\/p>\n<p>[\/et_pb_text][\/et_pb_column][\/et_pb_row][et_pb_row column_structure=\u00bb1_3,1_3,1_3&#8243; _builder_version=\u00bb4.16&#8243; _module_preset=\u00bbdefault\u00bb min_height=\u00bb182.6px\u00bb custom_padding=\u00bb||0px|||\u00bb global_colors_info=\u00bb{}\u00bb][et_pb_column type=\u00bb1_3&#8243; _builder_version=\u00bb4.16&#8243; _module_preset=\u00bbdefault\u00bb global_colors_info=\u00bb{}\u00bb][et_pb_button button_url=\u00bbhttps:\/\/cpmtenllado.es\/main\/wp-content\/uploads\/docadmin\/matr\/info-mat-ep1.pdf\u00bb url_new_window=\u00bbon\u00bb button_text=\u00bbAcceso a 1EP\u00bb button_alignment=\u00bbcenter\u00bb _builder_version=\u00bb4.25.1&#8243; _module_preset=\u00bbdefault\u00bb custom_button=\u00bbon\u00bb button_text_size=\u00bb28px\u00bb button_text_color=\u00bb#FFFFFF\u00bb button_bg_color=\u00bb#007a33&#8243; button_border_color=\u00bb#FFFFFF\u00bb button_use_icon=\u00bboff\u00bb global_colors_info=\u00bb{}\u00bb][\/et_pb_button][\/et_pb_column][et_pb_column type=\u00bb1_3&#8243; _builder_version=\u00bb4.16&#8243; _module_preset=\u00bbdefault\u00bb global_colors_info=\u00bb{}\u00bb][et_pb_button button_url=\u00bbhttps:\/\/cpmtenllado.es\/main\/wp-content\/uploads\/docadmin\/matr\/info-mat-ep-prop.pdf\u00bb url_new_window=\u00bbon\u00bb button_text=\u00bbAlumnado del centro\u00bb button_alignment=\u00bbcenter\u00bb _builder_version=\u00bb4.25.1&#8243; _module_preset=\u00bbdefault\u00bb custom_button=\u00bbon\u00bb button_text_size=\u00bb28px\u00bb button_text_color=\u00bb#FFFFFF\u00bb button_bg_color=\u00bb#007a33&#8243; button_border_color=\u00bb#FFFFFF\u00bb button_border_radius=\u00bb6px\u00bb button_use_icon=\u00bboff\u00bb global_colors_info=\u00bb{}\u00bb][\/et_pb_button][\/et_pb_column][et_pb_column type=\u00bb1_3&#8243; _builder_version=\u00bb4.16&#8243; _module_preset=\u00bbdefault\u00bb global_colors_info=\u00bb{}\u00bb][et_pb_button button_url=\u00bbhttps:\/\/cpmtenllado.es\/main\/wp-content\/uploads\/docadmin\/matr\/info-mat-ep1-NO-acc.pdf\u00bb url_new_window=\u00bbon\u00bb button_text=\u00bbAcceso \u2260 1EP\u00bb button_alignment=\u00bbcenter\u00bb _builder_version=\u00bb4.25.1&#8243; _module_preset=\u00bbdefault\u00bb custom_button=\u00bbon\u00bb button_text_size=\u00bb28px\u00bb button_text_color=\u00bb#FFFFFF\u00bb button_bg_color=\u00bb#007a33&#8243; button_border_color=\u00bb#FFFFFF\u00bb button_use_icon=\u00bboff\u00bb global_colors_info=\u00bb{}\u00bb][\/et_pb_button][\/et_pb_column][\/et_pb_row][\/et_pb_section]<\/p>\n","protected":false},"excerpt":{"rendered":"<p>Consulte en este apartado el procedimiento para la matriculaci\u00f3n en Ense\u00f1anzas Profesionales en nuestro centro.<\/p>\n","protected":false},"author":4,"featured_media":0,"parent":6037,"menu_order":0,"comment_status":"closed","ping_status":"closed","template":"","meta":{"_et_pb_use_builder":"on","_et_pb_old_content":"","_et_gb_content_width":"","footnotes":""},"class_list":["post-6045","page","type-page","status-publish","hentry"],"_links":{"self":[{"href":"https:\/\/cpmtenllado.es\/main\/wp-json\/wp\/v2\/pages\/6045","targetHints":{"allow":["GET"]}}],"collection":[{"href":"https:\/\/cpmtenllado.es\/main\/wp-json\/wp\/v2\/pages"}],"about":[{"href":"https:\/\/cpmtenllado.es\/main\/wp-json\/wp\/v2\/types\/page"}],"author":[{"embeddable":true,"href":"https:\/\/cpmtenllado.es\/main\/wp-json\/wp\/v2\/users\/4"}],"replies":[{"embeddable":true,"href":"https:\/\/cpmtenllado.es\/main\/wp-json\/wp\/v2\/comments?post=6045"}],"version-history":[{"count":7,"href":"https:\/\/cpmtenllado.es\/main\/wp-json\/wp\/v2\/pages\/6045\/revisions"}],"predecessor-version":[{"id":11923,"href":"https:\/\/cpmtenllado.es\/main\/wp-json\/wp\/v2\/pages\/6045\/revisions\/11923"}],"up":[{"embeddable":true,"href":"https:\/\/cpmtenllado.es\/main\/wp-json\/wp\/v2\/pages\/6037"}],"wp:attachment":[{"href":"https:\/\/cpmtenllado.es\/main\/wp-json\/wp\/v2\/media?parent=6045"}],"curies":[{"name":"wp","href":"https:\/\/api.w.org\/{rel}","templated":true}]}}