{"id":6702,"date":"2023-03-31T14:13:12","date_gmt":"2023-03-31T12:13:12","guid":{"rendered":"https:\/\/cpmtenllado.es\/main\/?page_id=6702"},"modified":"2023-05-16T19:17:52","modified_gmt":"2023-05-16T17:17:52","slug":"gamba","status":"publish","type":"page","link":"https:\/\/cpmtenllado.es\/main\/informacion-academica\/gamba\/","title":{"rendered":"Viola da Gamba"},"content":{"rendered":"<p>[et_pb_section fb_built=\u00bb1&#8243; fullwidth=\u00bbon\u00bb _builder_version=\u00bb4.16&#8243; global_colors_info=\u00bb{}\u00bb][et_pb_fullwidth_image src=\u00bbhttps:\/\/cpmtenllado.es\/main\/wp-content\/uploads\/img\/cabecera_nuestrocentro.jpg\u00bb show_in_lightbox=\u00bbon\u00bb _builder_version=\u00bb4.16&#8243; global_colors_info=\u00bb{}\u00bb][\/et_pb_fullwidth_image][\/et_pb_section][et_pb_section fb_built=\u00bb1&#8243; _builder_version=\u00bb4.16&#8243; global_colors_info=\u00bb{}\u00bb][et_pb_row _builder_version=\u00bb4.16&#8243; background_size=\u00bbinitial\u00bb background_position=\u00bbtop_left\u00bb background_repeat=\u00bbrepeat\u00bb global_colors_info=\u00bb{}\u00bb][et_pb_column type=\u00bb4_4&#8243; _builder_version=\u00bb4.16&#8243; custom_padding=\u00bb|||\u00bb global_colors_info=\u00bb{}\u00bb custom_padding__hover=\u00bb|||\u00bb][et_pb_code _builder_version=\u00bb4.20.4&#8243; _module_preset=\u00bbdefault\u00bb global_colors_info=\u00bb{}\u00bb][\/et_pb_code][et_pb_text _builder_version=\u00bb4.21.0&#8243; _module_preset=\u00bbdefault\u00bb hover_enabled=\u00bb0&#8243; sticky_enabled=\u00bb0&#8243;]<\/p>\n\t\t\t<!-- Flexy Breadcrumb -->\r\n\t\t\t<div class=\"fbc fbc-page\">\r\n\r\n\t\t\t\t<!-- Breadcrumb wrapper -->\r\n\t\t\t\t<div class=\"fbc-wrap\">\r\n\r\n\t\t\t\t\t<!-- Ordered list-->\r\n\t\t\t\t\t<ol class=\"fbc-items\" itemscope itemtype=\"https:\/\/schema.org\/BreadcrumbList\">\r\n\t\t\t\t\t\t            <li itemprop=\"itemListElement\" itemscope itemtype=\"https:\/\/schema.org\/ListItem\">\r\n                <span itemprop=\"name\">\r\n                    <!-- Home Link -->\r\n                    <a itemprop=\"item\" href=\"https:\/\/cpmtenllado.es\/main\">\r\n                    \r\n                                                    <i class=\"fa none\" aria-hidden=\"true\"><\/i>Inicio                    <\/a>\r\n                <\/span>\r\n                <meta itemprop=\"position\" content=\"1\" \/><!-- Meta Position-->\r\n             <\/li><li><span class=\"fbc-separator\">><\/span><\/li><li class=\"active\" itemprop=\"itemListElement\" itemscope itemtype=\"https:\/\/schema.org\/ListItem\"><span itemprop=\"name\" title=\"Viola da Gamba\">Viola da Gamba<\/span><meta itemprop=\"position\" content=\"2\" \/><\/li>\t\t\t\t\t<\/ol>\r\n\t\t\t\t\t<div class=\"clearfix\"><\/div>\r\n\t\t\t\t<\/div>\r\n\t\t\t<\/div>\r\n\t\t\t\n<p>[\/et_pb_text][\/et_pb_column][\/et_pb_row][et_pb_row _builder_version=\u00bb4.16&#8243; background_size=\u00bbinitial\u00bb background_position=\u00bbtop_left\u00bb background_repeat=\u00bbrepeat\u00bb global_colors_info=\u00bb{}\u00bb][et_pb_column type=\u00bb4_4&#8243; _builder_version=\u00bb4.16&#8243; custom_padding=\u00bb|||\u00bb global_colors_info=\u00bb{}\u00bb custom_padding__hover=\u00bb|||\u00bb][et_pb_post_title meta=\u00bboff\u00bb featured_image=\u00bboff\u00bb _builder_version=\u00bb4.20.4&#8243; _module_preset=\u00bbdefault\u00bb title_font=\u00bb|700|||||||\u00bb hover_enabled=\u00bb0&#8243; global_colors_info=\u00bb{}\u00bb sticky_enabled=\u00bb0&#8243;][\/et_pb_post_title][et_pb_code _builder_version=\u00bb4.20.4&#8243; _module_preset=\u00bbdefault\u00bb global_colors_info=\u00bb{}\u00bb][\/et_pb_code][\/et_pb_column][\/et_pb_row][et_pb_row _builder_version=\u00bb4.16&#8243; global_colors_info=\u00bb{}\u00bb][et_pb_column type=\u00bb4_4&#8243; _builder_version=\u00bb4.16&#8243; global_colors_info=\u00bb{}\u00bb][et_pb_text _builder_version=\u00bb4.20.4&#8243; global_colors_info=\u00bb{}\u00bb]<\/p>\n<p><iframe loading=\"lazy\" title=\"La Re\u0302veuse: Les folies d&#039;Espagne de Marin Marais (extrait par Jordi Savall)\" width=\"1080\" height=\"608\" src=\"https:\/\/www.youtube.com\/embed\/ZqVMiIq8LHo?feature=oembed\"  allow=\"accelerometer; autoplay; clipboard-write; encrypted-media; gyroscope; picture-in-picture; web-share\" allowfullscreen><\/iframe><\/p>\n<p>[\/et_pb_text][\/et_pb_column][\/et_pb_row][et_pb_row _builder_version=\u00bb4.16&#8243; background_size=\u00bbinitial\u00bb background_position=\u00bbtop_left\u00bb background_repeat=\u00bbrepeat\u00bb global_colors_info=\u00bb{}\u00bb][et_pb_column type=\u00bb4_4&#8243; _builder_version=\u00bb4.16&#8243; custom_padding=\u00bb|||\u00bb global_colors_info=\u00bb{}\u00bb custom_padding__hover=\u00bb|||\u00bb][et_pb_text _builder_version=\u00bb4.20.4&#8243; global_colors_info=\u00bb{}\u00bb]<\/p>\n<p><span>La Viola da Gamba (no confundir con la <a href=\"https:\/\/cpmtenllado.es\/main\/informacion-academica\/viola\/\" target=\"_blank\" rel=\"noopener\">Viola<\/a>) es un instrumento de cuerda frotada con trastes, cuyo repertorio principal es la m\u00fasica del Renacimiento y del Barroco. Tiene su propia familia, de la que forman parte instrumentos de distinto tama\u00f1o.<\/span><\/p>\n<p><span>Los miembros de la familia suelen tocar juntos en una formaci\u00f3n denominada consort, como si fuesen las voces de un coro. Adem\u00e1s, la Viola da Gamba tambi\u00e9n se utiliza como instrumento solista y forma agrupaciones de c\u00e1mara con otros instrumentos de M\u00fasica Antigua como la Flauta de Pico, el Clave y los instrumentos de cuerda frotada del Renacimiento y del Barroco. Un instrumento fascinante con el que descubrir una m\u00fasica maravillosa.<\/span><u><\/u><span>\u00a0<\/span><\/p>\n<p>[\/et_pb_text][\/et_pb_column][\/et_pb_row][et_pb_row _builder_version=\u00bb4.16&#8243; background_size=\u00bbinitial\u00bb background_position=\u00bbtop_left\u00bb background_repeat=\u00bbrepeat\u00bb global_colors_info=\u00bb{}\u00bb][et_pb_column type=\u00bb4_4&#8243; _builder_version=\u00bb4.16&#8243; custom_padding=\u00bb|||\u00bb global_colors_info=\u00bb{}\u00bb custom_padding__hover=\u00bb|||\u00bb][et_pb_text _builder_version=\u00bb4.20.4&#8243; global_colors_info=\u00bb{}\u00bb]<\/p>\n<p><a href=\"https:\/\/cpmtenllado.es\/main\/wp-content\/uploads\/docacad\/prog\/ma\/p-vg.pdf\" target=\"_blank\" rel=\"noopener\">Programaci\u00f3n de Viola da Gamba<\/a><\/p>\n<p>[\/et_pb_text][\/et_pb_column][\/et_pb_row][\/et_pb_section]<\/p>\n","protected":false},"excerpt":{"rendered":"<p>Informaci\u00f3n sobre la especialidad de Viola da Gamba.<\/p>\n","protected":false},"author":4,"featured_media":0,"parent":135,"menu_order":0,"comment_status":"closed","ping_status":"closed","template":"","meta":{"_et_pb_use_builder":"on","_et_pb_old_content":"","_et_gb_content_width":"","footnotes":""},"class_list":["post-6702","page","type-page","status-publish","hentry"],"_links":{"self":[{"href":"https:\/\/cpmtenllado.es\/main\/wp-json\/wp\/v2\/pages\/6702","targetHints":{"allow":["GET"]}}],"collection":[{"href":"https:\/\/cpmtenllado.es\/main\/wp-json\/wp\/v2\/pages"}],"about":[{"href":"https:\/\/cpmtenllado.es\/main\/wp-json\/wp\/v2\/types\/page"}],"author":[{"embeddable":true,"href":"https:\/\/cpmtenllado.es\/main\/wp-json\/wp\/v2\/users\/4"}],"replies":[{"embeddable":true,"href":"https:\/\/cpmtenllado.es\/main\/wp-json\/wp\/v2\/comments?post=6702"}],"version-history":[{"count":0,"href":"https:\/\/cpmtenllado.es\/main\/wp-json\/wp\/v2\/pages\/6702\/revisions"}],"up":[{"embeddable":true,"href":"https:\/\/cpmtenllado.es\/main\/wp-json\/wp\/v2\/pages\/135"}],"wp:attachment":[{"href":"https:\/\/cpmtenllado.es\/main\/wp-json\/wp\/v2\/media?parent=6702"}],"curies":[{"name":"wp","href":"https:\/\/api.w.org\/{rel}","templated":true}]}}

<p>[et_pb_section fb_built=»1&#8243; fullwidth=»on» _builder_version=»4.16&#8243; global_colors_info=»{}»][et_pb_fullwidth_image src=»https://cpmtenllado.es/main/wp-content/uploads/img/cabecera_nuestrocentro.jpg» show_in_lightbox=»on» _builder_version=»4.16&#8243; global_colors_info=»{}»][/et_pb_fullwidth_image][/et_pb_section][et_pb_section fb_built=»1&#8243; _builder_version=»4.16&#8243; global_colors_info=»{}»][et_pb_row _builder_version=»4.16&#8243; background_size=»initial» background_position=»top_left» background_repeat=»repeat» global_colors_info=»{}»][et_pb_column type=»4_4&#8243; _builder_version=»4.16&#8243; custom_padding=»|||» global_colors_info=»{}» custom_padding__hover=»|||»][et_pb_code _builder_version=»4.20.4&#8243; _module_preset=»default» global_colors_info=»{}»][/et_pb_code][et_pb_text _builder_version=»4.21.0&#8243; _module_preset=»default» hover_enabled=»0&#8243; sticky_enabled=»0&#8243;]</p>
			<!-- Flexy Breadcrumb -->
			<div class="fbc fbc-page">

				<!-- Breadcrumb wrapper -->
				<div class="fbc-wrap">

					<!-- Ordered list-->
					<ol class="fbc-items" itemscope itemtype="https://schema.org/BreadcrumbList">
						            <li itemprop="itemListElement" itemscope itemtype="https://schema.org/ListItem">
                <span itemprop="name">
                    <!-- Home Link -->
                    <a itemprop="item" href="https://cpmtenllado.es/main">
                    
                                                    <i class="fa none" aria-hidden="true"></i>Inicio                    </a>
                </span>
                <meta itemprop="position" content="1" /><!-- Meta Position-->
             </li><li><span class="fbc-separator">></span></li><li class="active" itemprop="itemListElement" itemscope itemtype="https://schema.org/ListItem"><span itemprop="name" title="Viola da Gamba">Viola da Gamba</span><meta itemprop="position" content="2" /></li>					</ol>
					<div class="clearfix"></div>
				</div>
			</div>
			
<p>[/et_pb_text][/et_pb_column][/et_pb_row][et_pb_row _builder_version=»4.16&#8243; background_size=»initial» background_position=»top_left» background_repeat=»repeat» global_colors_info=»{}»][et_pb_column type=»4_4&#8243; _builder_version=»4.16&#8243; custom_padding=»|||» global_colors_info=»{}» custom_padding__hover=»|||»][et_pb_post_title meta=»off» featured_image=»off» _builder_version=»4.20.4&#8243; _module_preset=»default» title_font=»|700|||||||» hover_enabled=»0&#8243; global_colors_info=»{}» sticky_enabled=»0&#8243;][/et_pb_post_title][et_pb_code _builder_version=»4.20.4&#8243; _module_preset=»default» global_colors_info=»{}»][/et_pb_code][/et_pb_column][/et_pb_row][et_pb_row _builder_version=»4.16&#8243; global_colors_info=»{}»][et_pb_column type=»4_4&#8243; _builder_version=»4.16&#8243; global_colors_info=»{}»][et_pb_text _builder_version=»4.20.4&#8243; global_colors_info=»{}»]</p>
<p><iframe loading="lazy" title="La Rêveuse: Les folies d&#039;Espagne de Marin Marais (extrait par Jordi Savall)" width="1080" height="608" src="https://www.youtube.com/embed/ZqVMiIq8LHo?feature=oembed"  allow="accelerometer; autoplay; clipboard-write; encrypted-media; gyroscope; picture-in-picture; web-share" allowfullscreen></iframe></p>
<p>[/et_pb_text][/et_pb_column][/et_pb_row][et_pb_row _builder_version=»4.16&#8243; background_size=»initial» background_position=»top_left» background_repeat=»repeat» global_colors_info=»{}»][et_pb_column type=»4_4&#8243; _builder_version=»4.16&#8243; custom_padding=»|||» global_colors_info=»{}» custom_padding__hover=»|||»][et_pb_text _builder_version=»4.20.4&#8243; global_colors_info=»{}»]</p>
<p><span>La Viola da Gamba (no confundir con la <a href="https://cpmtenllado.es/main/informacion-academica/viola/" target="_blank" rel="noopener">Viola</a>) es un instrumento de cuerda frotada con trastes, cuyo repertorio principal es la música del Renacimiento y del Barroco. Tiene su propia familia, de la que forman parte instrumentos de distinto tamaño.</span></p>
<p><span>Los miembros de la familia suelen tocar juntos en una formación denominada consort, como si fuesen las voces de un coro. Además, la Viola da Gamba también se utiliza como instrumento solista y forma agrupaciones de cámara con otros instrumentos de Música Antigua como la Flauta de Pico, el Clave y los instrumentos de cuerda frotada del Renacimiento y del Barroco. Un instrumento fascinante con el que descubrir una música maravillosa.</span><u></u><span> </span></p>
<p>[/et_pb_text][/et_pb_column][/et_pb_row][et_pb_row _builder_version=»4.16&#8243; background_size=»initial» background_position=»top_left» background_repeat=»repeat» global_colors_info=»{}»][et_pb_column type=»4_4&#8243; _builder_version=»4.16&#8243; custom_padding=»|||» global_colors_info=»{}» custom_padding__hover=»|||»][et_pb_text _builder_version=»4.20.4&#8243; global_colors_info=»{}»]</p>
<p><a href="https://cpmtenllado.es/main/wp-content/uploads/docacad/prog/ma/p-vg.pdf" target="_blank" rel="noopener">Programación de Viola da Gamba</a></p>
<p>[/et_pb_text][/et_pb_column][/et_pb_row][/et_pb_section]</p>

<p>Información sobre la especialidad de Viola da Gamba.</p>
